 0 = -5*i + 20, 0 = -2*t + 5*t + 4*i - 67. Calculate the remainder when n is divided by t.
14
Suppose -5 = -x - a + 4, -5*x - 3*a = -41. What is the remainder when 12 is divided by x?
5
Let t be (0/2)/(2 + -3). Suppose -2*m - 1 = 5, t = 2*j + 3*m - 43. What is the remainder when j is divided by 7?
5
What is the remainder when 4/(-18) + 38/9 is divided by 4?
0
Let o = -16 - -50. Calculate the remainder when o is divided by 4 - (3 + 11)/(-1).
16
What is the remainder when -1*(-72 + 0) - -1 is divided by 38?
35
Suppose 43 - 29 = q. What is the remainder when 25 is divided by q?
11
Suppose 3*b - 5*t = 23, -t - 6 = 2*b - 30. Suppose 0 = 4*k - 4*p - 32, 4*p - 2*p - b = -k. Calculate the remainder when 33 is divided by k.
6
Let y(b) = b**2 - 2*b. Let f be y(2). Suppose 4*s - 422 = -5*v, f = -4*v + 5*s - 12 + 325. Calculate the remainder when v is divided by 21.
19
Suppose 0 = -0*x - x + 22. Let q(c) = 13*c - 1. Suppose 2*k = w + 2, 0*k - w - 1 = -k. What is the remainder when x is divided by q(k)?
10
Let k = 7 + 0. Suppose j + 0*t + 4*t - 38 = 0, 133 = 5*j + t. Calculate the remainder when j is divided by k.
5
Let h(r) = r**3 + 11*r + 5 - 4 + 0 - 11*r**2. What is the remainder when h(10) is divided by 7?
4
Let p(d) = 7*d - 9. Calculate the remainder when p(4) is divided by 12.
7
Suppose -3*c = 5*i + 12 + 5, -4*i + 4 = -2*c. Let p = 7 + i. Calculate the remainder when 10 is divided by p.
4
Let y(x) = x**2 - 1. What is the remainder when -45*3/((-36)/8) is divided by y(3)?
6
Let g(p) = 2*p. Let a be g(0). Suppose -2*u + 6*u - 61 = -3*n, a = -5*u - 25. Calculate the remainder when n is divided by 14.
13
Suppose 0 = -5*t + 5*q + 70, -3*t + 2*t - 4*q = -24. What is the remainder when 30 is divided by t?
14
Let m(n) = n**2 + 5*n + 5. Let y = 0 - 6. Calculate the remainder when 21 is divided by m(y).
10
Suppose 0*y + 5*y + 270 = 0. Let a = -157 - -244. Let c = a + y. What is the remainder when c is divided by 17?
16
Let d(b) = b**2 - 6*b + 3. Let i be d(6). Suppose -i*h = -37 + 4. Calculate the remainder when 42 is divided by h.
9
Suppose 4*y + 16 = 180. What is the remainder when y is divided by 11?
8
Suppose -3*t + 47 = -4. Let m(b) = -b**2 + 8*b - 5. Calculate the remainder when t is divided by m(5).
7
Suppose -3*c + 13 = -2*c. Calculate the remainder when c is divided by 8.
5
Let x(m) = m**2 + 5*m. Suppose -15 = -4*y + 3*y. Let o = -2 + y. What is the remainder when x(-9) is divided by o?
10
Let y = -1 + 3. Let v = y + 25. Calculate the remainder when v is divided by 14.
13
Suppose -3*x + 79 = 5*k - 0*k, 0 = -k + 2*x + 21. What is the remainder when 2*(-21)/12*-14 is divided by k?
15
Let h(j) = 38*j**3 + j**2 + j - 6. Let b(z) = -113*z**3 - 3*z**2 - 3*z + 17. Let r(k) = 6*b(k) + 17*h(k). What is the remainder when r(-1) is divided by 11?
10
Let t be (0 - -1 - 7)*-1. What is the remainder when 3 is divided by ((-8)/t)/(12/(-18))?
1
Let x = -137 - -193. Let d = x - 9. What is the remainder when d is divided by 24 + 1 + 1 + -2?
23
Let j(s) = 16*s**3 + s**2 - s + 1. Suppose -3*p + 40 = -56. Calculate the remainder when p is divided by j(1).
15
Suppose -r - 12 = 3*r. Let f(v) = v**3 - v**2 + v. Let q(m) = -7*m**3 - 3*m - 4. Let t(s) = -6*f(s) - q(s). Calculate the remainder when t(r) is divided by 14.
12
What is the remainder when 5 is divided by 6 - 12/(-16)*-4?
2
Suppose -4 = -a + 15. Calculate the remainder when a is divided by -2 + 6 + (-1 - -2).
4
Let b(w) = -w**2 - 25*w - 6. Calculate the remainder when b(-12) is divided by 38.
36
Let b = 3 - 3. Let h(j) = -j**3 + j**2 + j + 60. Let v be h(b). Suppose 0*u + 4*u - v = 0. Calculate the remainder when 28 is divided by u.
13
Suppose -14 = -488*m + 487*m. Suppose -2*n + 6*n - 100 = 0. What is the remainder when n is divided by m?
11
Calculate the remainder when 70 is divided by (2 + -4)/(14/(-63)).
7
Let d = 132 + -106. What is the remainder when 75 is divided by d?
23
Let y(p) = p**2 - 28*p + 38. Calculate the remainder when 75 is divided by y(28).
37
Let p(v) = -v**2 - 7*v - 8. Let r be p(-5). Suppose c = -r*c + 135. Calculate the remainder when c is divided by 12.
9
Suppose -y + 4 = 1. Suppose -5*s - y*o - 123 = -0*o, 0 = -4*o + 16. What is the remainder when 25 is divided by -2*s/6 - 0?
7
Suppose o - 5*o + 208 = 3*h, -2*o = -h - 114. Calculate the remainder when o is divided by (-3)/((-6)/4) - -12.
13
Let b = 11 - 3. Suppose 2*o = 22 + b. What is the remainder when 57 is divided by o?
12
Let u(k) = -k - 19. Let z be u(-9). Let v = 7 - z. What is the remainder when v is divided by 3?
2
Suppose 2*g - 3*i - 2*i - 11 = 0, 2*g + 3*i = -13. Suppose -11 = -2*q + 21. What is the remainder when (g - 96/(-3)) + 1 is divided by q?
15
Let p(w) = -13*w**3 - 1. Let r = 3 + -4. Let f = 110 - 88. What is the remainder when f is divided by p(r)?
10
Let b(t) = -t - 10. Let r be b(3). Let h = 18 + r. What is the remainder when h is divided by 3?
2
Suppose -x + 67 = 5*g - 5*x, -3*x = 2*g - 36. Let i be 15/9 - 2/(-6). Suppose 2*f = 18 - i. What is the remainder when g is divided by f?
7
Suppose -47 = 5*y + i, i + 43 = -3*y + 16. Let o be 10/(-4)*12/y. Suppose 5*h = -3*c + 11, -h - 5 = -o*c - 0. What is the remainder when 4 is divided by c?
0
Let w(i) be the first derivative of 7*i**3/3 + 5*i**2/2 + 4*i + 3. What is the remainder when w(-3) is divided by 18?
16
Let t(j) = j**2 + 5*j. Let a be t(-5). Let g(s) = -s**2 - s + 11. Suppose 0 = 6*c - 2*c - 84. What is the remainder when c is divided by g(a)?
10
Suppose p - 5 = -0*p. Suppose 0 = -h + 7 + 19. Suppose 3*n = n + h. What is the remainder when n is divided by p?
3
Let d(n) = n**3 - n**2 + 14. Let g(u) = -u. Let t be g(0). What is the remainder when d(t) is divided by ((-10)/(-40))/((-1)/(-20))?
4
Suppose 150 = 2*v + v. Suppose 0 = -3*i + i + v. What is the remainder when i is divided by 13?
12
Let g(v) = v + 16. What is the remainder when 124 is divided by g(0)?
12
Let u = 4 + 2. Suppose -j = j - u. Suppose -3*a + 81 = j*q, -2*q + 24 = -2*a - 50. Calculate the remainder when q is divided by 11.
10
Let i(o) = 38*o**3 + o**2 + o - 1. Calculate the remainder when i(1) is divided by 11.
6
Suppose c + 7 = -x, -2*c = x + 3*x + 16. Let a = 5 + c. Calculate the remainder when (-42)/4*(-1 + a) is divided by 11.
10
Let m be 2/(2 - (-6)/(-4)). Suppose m*b = b + 279. What is the remainder when b is divided by 24?
21
What is the remainder when 2/7 + 445/35 is divided by 5?
3
Suppose -47*a = -43*a - 52. What is the remainder when 38 is divided by a?
12
Let m = 9 - -9. What is the remainder when m is divided by (10/1)/((-2)/(-2))?
8
Let a = -88 + 97. Calculate the remainder when 96 is divided by a.
6
Let q = -40 - -68. Suppose -h + 5*h - q = 0. What is the remainder when 25 is divided by h?
4
Let f(x) = 10*x**2 + 4*x - 5. Calculate the remainder when 84 is divided by f(2).
41
Let m = -3 + 4. Let q be 1*12/(-2)*m. Let f = 11 + q. What is the remainder when f is divided by 2?
1
Let s(b) = 2*b**3 - 2*b**2 + 2*b + 1. Calculate the remainder when s(2) is divided by 3.
1
Let q(u) = 2*u + 2 - u**2 - 2*u. Let k be q(-4). What is the remainder when 2 is divided by (2/7)/((-2)/k)?
0
Let w be (2 - (-1 + 2)) + 63. Let k be 3 + 1 + 0 + -2. Suppose -3*l - r = -w, -k*l + 2*r + 34 = 7*r. What is the remainder when 65 is divided by l?
21
Let d(w) = 24*w - 6. Calculate the remainder when d(2) is divided by 9.
6
Let b be -2 - (2 - 2*2). Let j(f) = -f**3 + f**2 + f + 26. Calculate the remainder when j(b) is divided by 38/4 + 6/(-12).
8
Suppose -d = -0*d + 5*h - 43, 0 = 3*h - 15. Calculate the remainder when 32 is divided by d.
14
Let r = -619 + 639. What is the remainder when (1 - 1) + 57 - 0 is divided by r?
17
Let n = 3 - -3. What is the remainder when ((-1)/(-2))/(1/46) is divided by n?
5
Let s be -194*(3/6 - 0). Let h = -67 - s. What is the remainder when h is divided by 16?
14
Suppose -2*n - 2*n + 5*y = -51, 3*n - 30 = y. Calculate the remainder when 34 is divided by n.
7
Let i = -9 + 26. Let k(v) = v**3 - 3*v**2 + 8*v + 2. What is the remainder when k(4) is divided by i?
16
Suppose 8*g = -5*g + 195. Let w = 36 + -24. Suppose -w + 40 = p. Calculate the remainder when p is divided by g.
13
Suppose 0*j - 16 = -4*j. Let h be ((-35)/(-14))/(2/j). What is the remainder when 26 is divided by 4/10 + 43